he prime factors of x.
3
Let g(x) = x**3 + 35*x**2 + 44*x - 35. What are the prime factors of g(-31)?
3, 5, 163
Suppose t = 5*b + 1156, 4*t + b = 1704 + 3004. List the prime factors of t.
2, 3, 7
Let i(u) = u**2 - 7*u - 26. Let l(k) = k**3 - 11*k**2 + 11*k + 1. Let j be l(10). What are the prime factors of i(j)?
2, 3
Let n(q) = -5*q + 20. Let f be n(-19). Suppose -4*b = -205 - f. List the prime factors of b.
2, 5
Suppose i = -1, -3*b - 43 = 2*b - 2*i. Let f = 0 + b. Let h = 2 - f. List the prime factors of h.
11
What are the prime factors of -6 + 5 + 209 - (10 - 4)?
2, 101
Let q(j) = -10*j**3 + 7*j**2 + 9*j**3 + 3*j + 6 + 2*j**2 - 4*j. List the prime factors of q(8).
2, 31
Let l = 24 - 24. Suppose l = -5*n + 15, 4*z - 2*n + 58 = 336. List the prime factors of z.
71
Let m(q) = q**3 - 2*q**2 - 16*q + 7. Let s be m(5). Suppose 0 = s*v + v + l - 156, -v + 57 = 2*l. List the prime factors of v.
3, 17
Let h(b) = -b**3 - 10*b**2 + 10*b. Let q be h(-10). Let r = 238 + q. What are the prime factors of r?
2, 3, 23
Suppose 0*z - 4 = -z. Suppose i = z*i. Suppose -4 = -v - i. List the prime factors of v.
2
Suppose 4*n + 3924 = 4*k, k + 468 = 3*n + 1451. List the prime factors of k.
2, 5, 7
Suppose -g - 2*n + 628 = -1649, 0 = -2*g - 5*n + 4558. List the prime factors of g.
2269
Let y(i) = -i**3 + 18*i**2 + 13*i + 19. What are the prime factors of y(16)?
739
Let o(t) be the third derivative of t**6/120 - t**5/30 - t**4/12 + 27*t**3 + 12*t**2. What are the prime factors of o(0)?
2, 3
Let d(g) = -29*g**3 - 7*g**2 - 8*g + 1. What are the prime factors of d(-5)?
3491
Let a(f) = -770*f + 49. List the prime factors of a(-4).
3, 7, 149
Let h = 3 - -2. Suppose -6*c + c + 50 = h*y, -30 = -3*c + 4*y. List the prime factors of c.
2, 5
Let h(u) = -u**2 - 69*u + 9. What are the prime factors of h(-41)?
13, 89
Let j = 3153 + -1876. List the prime factors of j.
1277
List the prime factors of -7 + (4/10 - 39815/(-25)).
2, 13, 61
Suppose 4*s - 2*d + 196 = 0, 0 = -3*s + 3*d + 2*d - 133. Let x = 207 + s. List the prime factors of x.
2, 3, 13
Suppose 4*j = 2*d - 7*d - 18, 3*d = -3*j - 12. Suppose 0 = b + 5, 4*b = -w - b - 24. What are the prime factors of w + j - (-6 + -2)?
7
Let d = -82 - -1057. List the prime factors of d.
3, 5, 13
Let u(c) be the second derivative of c**5/20 - c**4/2 - 5*c**3/6 - 3*c**2 - 5*c. Let j be u(5). Let p = -38 - j. List the prime factors of p.
2, 3
List the prime factors of 38661/(-105)*-5*(1 - 0).
7, 263
Let b(p) = -p**2 + 32*p - 52. List the prime factors of b(25).
3, 41
Let j(m) be the third derivative of m**6/120 + 2*m**5/15 - 7*m**4/24 - 5*m**3/3 - 6*m**2. What are the prime factors of j(-7)?
2, 11
Suppose 0 = 22*m - 16*m - 1680. What are the prime factors of m?
2, 5, 7
Suppose -48 = -5*n + 27. Suppose -7*x - n = -4*x, 3*a + 5*x = -25. What are the prime factors of (1 + a)/(8/136)?
17
Suppose -7242 - 7653 = -45*n. What are the prime factors of n?
331
Let m(t) = -11*t**2 - t. Let x be m(1). Let y = -15 - x. What are the prime factors of (-85)/y - 14/(-21)?
29
Let f = -364 - -1539. What are the prime factors of f?
5, 47
Let t(q) = -3*q**3 + q**2 - 7. Let a(m) be the first derivative of -m**4/2 - 6*m + 3. Let g(b) = -4*a(b) + 3*t(b). List the prime factors of g(-3).
3, 19
Suppose 3*m = -0*m - 5*o + 2480, 2*m + 5*o - 1650 = 0. List the prime factors of m.
2, 5, 83
Suppose -2*d + f + 533 = 0, -3*d = 2*d - f - 1328. List the prime factors of d.
5, 53
Let w(k) = -6*k + 1. Let f be w(1). Let n be f/20 + 18/8. What are the prime factors of -1*n*(-42)/4?
3, 7
Suppose -3*s = 4*s. Let z(u) = u**2 - 7*u - 1. Let d be z(-6). Suppose 6*n - 245 + d = s. What are the prime factors of n?
2, 7
Let s = 174 + -116. Let l be (-1)/(-10 + (-8271)/(-828)). Let d = l - s. List the prime factors of d.
2, 17
Let l(t) = 10*t**2 + 2 - 2*t + 0*t**2 - 2*t**2. List the prime factors of l(3).
2, 17
Suppose 2*g + 6 = 0, -3*m + 2*g + 9 = 4*g. Suppose -4*j - 2*l = -2*j - 92, -j + m*l + 58 = 0. What are the prime factors of j?
2, 3
What are the prime factors of -1 + 615 - (7 + 26)/11?
13, 47
Let q(z) be the second derivative of -z**5/20 + 7*z**4/12 + 3*z**2 + 10*z. List the prime factors of q(5).
2, 7
Let g = 153 - 82. Let t = g - 39. Let v = t + 1. List the prime factors of v.
3, 11
Let c be 4/10 + (-15)/(-25). Let s(w) = 17*w - 3. Let x be s(-1). What are the prime factors of c/4 - 415/x?
3, 7
Suppose h + 6046 = 2*n, 0 = -3*n + 175*h - 170*h + 9062. What are the prime factors of n?
2, 3, 7
Suppose 4*d - 33 = 7. Let c = d + -8. Suppose 0*b = -2*b - 2*p + 30, -b + 9 = -c*p. What are the prime factors of b?
13
Suppose -2*v - 2*w - 1678 = -0*v, 0 = 5*v + 4*w + 4191. What are the prime factors of v/(-20) - -1*6/(-8)?
41
Suppose -5 - 75 = -2*n. Suppose 3*m = n - 4. Suppose -6*t + 3*t = -m. What are the prime factors of t?
2
Suppose -u + 12 = 2*u. Suppose u*t + 4*p = p + 461, 5*t = p + 562. List the prime factors of t.
113
Suppose 0 = 6*s + 30. Let o = -11 - -8. Let j = o - s. List the prime factors of j.
2
Suppose -4*y - y + 787 = -4*d, 0 = -y - d + 152. List the prime factors of y.
5, 31
Suppose -4*a = -73 - 151. Suppose -3*m + a = m. List the prime factors of m.
2, 7
Let p(m) = -5*m**3 - m. Let n be p(-1). Let w be (-11)/(-3) + n/(-9). Suppose 2*q - w*q = -20. What are the prime factors of q?
2, 5
Let y be 0 - 1 - (-50 - 11). Suppose 4*x + 5*w - 3 + y = 0, 3*w + 39 = -3*x. Let f = x - -42. List the prime factors of f.
2, 17
Suppose 61*b - 62*b = -679. Let n = b + -463. List the prime factors of n.
2, 3
Let g = -4 + 11. Suppose 2*m + 270 = g*m. What are the prime factors of m?
2, 3
Suppose -4*y = -3*w + 5 + 20, 12 = 2*w + 2*y. Suppose d + 462 = w*d. List the prime factors of d.
7, 11
Suppose -12 = 2*p - 0*p. Let b(k) be the first derivative of k**3/3 + k**2/2 + 5*k - 1. List the prime factors of b(p).
5, 7
Suppose -4*q - 958 - 1890 = -3*i, -971 = -i - 3*q. List the prime factors of i.
2, 239
Let r(g) = 2*g + 24. Let d be r(-15). Let w be (-3)/(2 - 35/16). Let f = d + w. List the prime factors of f.
2, 5
Suppose -34*k = 25*k - 36757. List the prime factors of k.
7, 89
Suppose -28*z = -29*z + 2093. What are the prime factors of z?
7, 13, 23
Let m(g) = -25*g - 2. Let h be m(-5). Let i = -21 + h. List the prime factors of i.
2, 3, 17
Let t = -1 + -3. Let i be 5/10 + (-10)/t. Suppose i*h - h = 108. List the prime factors of h.
2, 3
Let d = -287 - -792. What are the prime factors of d?
5, 101
Let c = -3 - -6. Let x be (-2)/(-1) + (3 - c). Suppose -j = -2*j + 4*y + 23, j + x*y = -1. What are the prime factors of j?
7
List the prime factors of 24/36 + (-14403)/(-9).
1601
Let t(f) = 202*f**2 + 2*f. List the prime factors of t(-2).
2, 3, 67
Let x = 2702 + -1400. What are the prime factors of x?
2, 3, 7, 31
Suppose 2*s - s = -4*b + 4, -s - 14 = -5*b. Suppose 4*f + 61 = 73. Suppose 0 = 5*r + c - 108, -7 = -f*c + b. List the prime factors of r.
3, 7
Let s be (28/(-18))/((-29)/261). Let h(x) = 1. Let u(q) = -2*q**2 + 27*q - 4. Let b(w) = 6*h(w) - u(w). What are the prime factors of b(s)?
2, 3
Let i be 1 + -5 + 4 - -4. Let j(a) = -a**3 + 3*a**2 - a - 2. Let l be j(2). Let c = l + i. List the prime factors of c.
2
Suppose 5*c = c + 16. Suppose 0 = -4*y + 8, -c*r - 2*y + 7*y + 122 = 0. List the prime factors of r.
3, 11
Let a = 4 - 4. Let p(f) = 3 + a - f - 8*f + 2. What are the prime factors of p(-4)?
41
Let j = 22 - -36. Let g = j - 36. List the prime factors of g.
2, 11
Suppose -m = 5*w + 16, -4*m - 18 = 4*w - 2. What are the prime factors of ((-2)/w)/(11/(9999/6))?
101
Suppose -b = -2*z - 699, -5*b + 4*z - 3509 = -10*b. List the prime factors of b.
701
Let n = 1315 + -855. What are the prime factors of n?
2, 5, 23
Let y = -143 - -470. List the prime factors of y.
3, 109
Let g(p) = 7*p + 3*p + 2*p - 12 - 7*p. List the prime factors of g(7).
23
Let h(n) = n**3 - 4*n**2 - 2*n + 8. Let z be h(4). Suppose 2*i - 152 - 18 = z. What are the prime factors of i?
5, 17
Suppose 0 = 14*j - 3*j + 99. Let p(g) = -24*g - 39. List the prime factors of p(j).
3, 59
Suppose -7163 = -13*k - 130. List the prime factors of k.
541
Suppose 15 = 5*q - 120. Suppose -a = -y - q, -5*y - 72 = -2*a + 60. What are the prime factors of ((-6)/4 - -1)*y?
13
List the prime factors of (-310 - 18)/(1/(-2)).
2, 41
List the prime 